{"id":1091,"date":"2024-08-22T12:49:39","date_gmt":"2024-08-22T12:49:39","guid":{"rendered":"http:\/\/localhost\/wordpress\/?page_id=1091"},"modified":"2024-09-18T13:12:25","modified_gmt":"2024-09-18T13:12:25","slug":"nos-valeurs","status":"publish","type":"page","link":"https:\/\/suptembmhs.com\/index.php\/nos-valeurs\/","title":{"rendered":"Nos Valeurs"},"content":{"rendered":"\t\t<div data-elementor-type=\"wp-post\" data-elementor-id=\"1091\" class=\"elementor elementor-1091\" data-elementor-post-type=\"page\">\n\t\t\t\t\t\t<section class=\"elementor-section elementor-top-section elementor-element elementor-element-dce11c4 elementor-section-boxed elementor-section-height-default elementor-section-height-default\" data-id=\"dce11c4\" data-element_type=\"section\" data-e-type=\"section\" data-settings=\"{&quot;background_background&quot;:&quot;classic&quot;}\">\n\t\t\t\t\t\t<div class=\"elementor-container elementor-column-gap-default\">\n\t\t\t\t\t<div class=\"elementor-column elementor-col-100 elementor-top-column elementor-element elementor-element-cee8b15\" data-id=\"cee8b15\" data-element_type=\"column\" data-e-type=\"column\">\n\t\t\t<div class=\"elementor-widget-wrap elementor-element-populated\">\n\t\t\t\t\t\t<div class=\"elementor-element elementor-element-d98903e n-partenaire elementor-widget elementor-widget-heading\" data-id=\"d98903e\" data-element_type=\"widget\" data-e-type=\"widget\" data-widget_type=\"heading.default\">\n\t\t\t\t<div class=\"elementor-widget-container\">\n\t\t\t\t\t<p class=\"elementor-heading-title elementor-size-default\">Nos Valeurs<\/p>\t\t\t\t<\/div>\n\t\t\t\t<\/div>\n\t\t\t\t\t<\/div>\n\t\t<\/div>\n\t\t\t\t\t<\/div>\n\t\t<\/section>\n\t\t<div class=\"elementor-element elementor-element-fda50b5 e-flex e-con-boxed e-con e-parent\" data-id=\"fda50b5\" data-element_type=\"container\" data-e-type=\"container\" data-settings=\"{&quot;background_background&quot;:&quot;classic&quot;}\">\n\t\t\t\t\t<div class=\"e-con-inner\">\n\t\t\t\t\t<\/div>\n\t\t\t\t<\/div>\n\t\t<div class=\"elementor-element elementor-element-63187e5 e-flex e-con-boxed e-con e-parent\" data-id=\"63187e5\" data-element_type=\"container\" data-e-type=\"container\" data-settings=\"{&quot;background_background&quot;:&quot;classic&quot;}\">\n\t\t\t\t\t<div class=\"e-con-inner\">\n\t\t<div class=\"elementor-element elementor-element-372ac1d e-con-full e-flex e-con e-child\" data-id=\"372ac1d\" data-element_type=\"container\" data-e-type=\"container\">\n\t\t<div class=\"elementor-element elementor-element-e9d5d02 e-con-full e-flex e-con e-child\" data-id=\"e9d5d02\" data-element_type=\"container\" data-e-type=\"container\">\n\t\t\t\t<div class=\"elementor-element elementor-element-5fbd363 valeur elementor-widget elementor-widget-heading\" data-id=\"5fbd363\" data-element_type=\"widget\" data-e-type=\"widget\" data-widget_type=\"heading.default\">\n\t\t\t\t<div class=\"elementor-widget-container\">\n\t\t\t\t\t<p class=\"elementor-heading-title elementor-size-default\">Penser le pr\u00e9sent... g\u00e9rer le futur<\/p>\t\t\t\t<\/div>\n\t\t\t\t<\/div>\n\t\t\t\t<\/div>\n\t\t\t\t<\/div>\n\t\t\t\t\t<\/div>\n\t\t\t\t<\/div>\n\t\t<div class=\"elementor-element elementor-element-e5596d3 e-flex e-con-boxed e-con e-parent\" data-id=\"e5596d3\" data-element_type=\"container\" data-e-type=\"container\" data-settings=\"{&quot;background_background&quot;:&quot;classic&quot;}\">\n\t\t\t\t\t<div class=\"e-con-inner\">\n\t\t\t\t<div class=\"elementor-element elementor-element-2329748 valeur-text elementor-widget elementor-widget-text-editor\" data-id=\"2329748\" data-element_type=\"widget\" data-e-type=\"widget\" data-widget_type=\"text-editor.default\">\n\t\t\t\t<div class=\"elementor-widget-container\">\n\t\t\t\t\t\t\t\t\t<p>Les mutations \u00e9conomiques, l&#8217;internalisation des \u00e9chages, les pressions concurrentielles de plus en plus fortes, obligent les Ecoles \u00e0 adapter r\u00e9guli\u00e9rement leur p\u00e9dagogie. Le comit\u00e9 de Perfectionnement de <strong><em>Suptem\u00a0 <\/em><\/strong>a pour mission d&#8217;aider \u00e0 faire \u00e9voluer les contenus p\u00e9dagogiques. les outils de formation et les moyens p\u00e9dagogiques en fonction des besoins ou des contraintes des Entreprises.<\/p><p>C&#8217;est un lieu d&#8217;\u00e9change entre professionnels et p\u00e9dagogiques pour d\u00e9finir et am\u00e9liorer la qualit\u00e9 de l&#8217;offre de formation.<\/p>\t\t\t\t\t\t\t\t<\/div>\n\t\t\t\t<\/div>\n\t\t\t\t\t<\/div>\n\t\t\t\t<\/div>\n\t\t<div class=\"elementor-element elementor-element-618f672 e-flex e-con-boxed e-con e-parent\" data-id=\"618f672\" data-element_type=\"container\" data-e-type=\"container\" data-settings=\"{&quot;background_background&quot;:&quot;classic&quot;}\">\n\t\t\t\t\t<div class=\"e-con-inner\">\n\t\t<div class=\"elementor-element elementor-element-915835e e-con-full e-flex e-con e-child\" data-id=\"915835e\" data-element_type=\"container\" data-e-type=\"container\">\n\t\t<div class=\"elementor-element elementor-element-98ad822 e-con-full e-flex e-con e-child\" data-id=\"98ad822\" data-element_type=\"container\" data-e-type=\"container\">\n\t\t\t\t<div class=\"elementor-element elementor-element-012ac21 valeur elementor-widget elementor-widget-heading\" data-id=\"012ac21\" data-element_type=\"widget\" data-e-type=\"widget\" data-widget_type=\"heading.default\">\n\t\t\t\t<div class=\"elementor-widget-container\">\n\t\t\t\t\t<p class=\"elementor-heading-title elementor-size-default\">Apprendre et Entreprendre<\/p>\t\t\t\t<\/div>\n\t\t\t\t<\/div>\n\t\t\t\t<\/div>\n\t\t\t\t<\/div>\n\t\t\t\t\t<\/div>\n\t\t\t\t<\/div>\n\t\t<div class=\"elementor-element elementor-element-28973a9 e-flex e-con-boxed e-con e-parent\" data-id=\"28973a9\" data-element_type=\"container\" data-e-type=\"container\" data-settings=\"{&quot;background_background&quot;:&quot;classic&quot;}\">\n\t\t\t\t\t<div class=\"e-con-inner\">\n\t\t\t\t<div class=\"elementor-element elementor-element-187df44 valeur-text elementor-widget elementor-widget-text-editor\" data-id=\"187df44\" data-element_type=\"widget\" data-e-type=\"widget\" data-widget_type=\"text-editor.default\">\n\t\t\t\t<div class=\"elementor-widget-container\">\n\t\t\t\t\t\t\t\t\t<p>Tout au long du cursus, les \u00e9tudiants de <strong><em>Suptem <\/em><\/strong>exp\u00e9rimentent l&#8217;Entreprise \u00e0 travers un programme complet et progressif de stages au Maroc et \u00e0 l&#8217;Etranger d&#8217;une meilleure insertion professionnelle.<\/p><p>La r\u00e9alit\u00e9 de l&#8217;Entreprise ne se limitant pas \u00e0 une vision disciplinaire. la p\u00e9dagogie mise en oeuvre au sein de chaque programme met l&#8217;accent sur les relations et compl\u00e9mentarit\u00e9s entre les diff\u00e9rentes approches de l&#8217;Entreprise. De plus, certains travaux (Jeux d&#8217;Entreprise, Etudes terrain, etc.) sont organis\u00e9s en vue de mettre les \u00e9tudiants en situation r\u00e9elle.<\/p>\t\t\t\t\t\t\t\t<\/div>\n\t\t\t\t<\/div>\n\t\t\t\t\t<\/div>\n\t\t\t\t<\/div>\n\t\t<div class=\"elementor-element elementor-element-65c80ff e-flex e-con-boxed e-con e-parent\" data-id=\"65c80ff\" data-element_type=\"container\" data-e-type=\"container\" data-settings=\"{&quot;background_background&quot;:&quot;classic&quot;}\">\n\t\t\t\t\t<div class=\"e-con-inner\">\n\t\t<div class=\"elementor-element elementor-element-316dae6 e-con-full e-flex e-con e-child\" data-id=\"316dae6\" data-element_type=\"container\" data-e-type=\"container\">\n\t\t<div class=\"elementor-element elementor-element-b1ed1e7 e-con-full e-flex e-con e-child\" data-id=\"b1ed1e7\" data-element_type=\"container\" data-e-type=\"container\">\n\t\t\t\t<div class=\"elementor-element elementor-element-af8c6d4 valeur elementor-widget elementor-widget-heading\" data-id=\"af8c6d4\" data-element_type=\"widget\" data-e-type=\"widget\" data-widget_type=\"heading.default\">\n\t\t\t\t<div class=\"elementor-widget-container\">\n\t\t\t\t\t<p class=\"elementor-heading-title elementor-size-default\">Une formation de pointe dans un environnement d'Excelence<\/p>\t\t\t\t<\/div>\n\t\t\t\t<\/div>\n\t\t\t\t<\/div>\n\t\t\t\t<\/div>\n\t\t\t\t\t<\/div>\n\t\t\t\t<\/div>\n\t\t<div class=\"elementor-element elementor-element-abe56e8 e-flex e-con-boxed e-con e-parent\" data-id=\"abe56e8\" data-element_type=\"container\" data-e-type=\"container\" data-settings=\"{&quot;background_background&quot;:&quot;classic&quot;}\">\n\t\t\t\t\t<div class=\"e-con-inner\">\n\t\t\t\t<div class=\"elementor-element elementor-element-f729efe valeur-text elementor-widget elementor-widget-text-editor\" data-id=\"f729efe\" data-element_type=\"widget\" data-e-type=\"widget\" data-widget_type=\"text-editor.default\">\n\t\t\t\t<div class=\"elementor-widget-container\">\n\t\t\t\t\t\t\t\t\t<p>Afin d&#8217;atteindre ses objectifs, <strong><em>Suptem<\/em><\/strong> s&#8217;est entour\u00e9e d&#8217;une \u00e9quipe alliant dynamisme et comp\u00e9tence. compos\u00e9e de permanents et vacataires ( enseignants-chercheurs, ing\u00e9nieurs et professionnels) op\u00e9rant dans dans les secteurs de l&#8217;Industries et des Services.<\/p><p>En outre, <strong><em>Suptem <\/em><\/strong>accueille chaque ann\u00e9e des proffesseurs \u00e9trangers. Ces <em>visiting-professors<\/em> contribuent \u00e0 l&#8217;ouverture Internationale de l&#8217;\u00e8cole et apportent leurs expertises et leurs compt\u00e9tences sp\u00e9cifiques.<\/p>\t\t\t\t\t\t\t\t<\/div>\n\t\t\t\t<\/div>\n\t\t\t\t\t<\/div>\n\t\t\t\t<\/div>\n\t\t<div class=\"elementor-element elementor-element-e0e2087 e-flex e-con-boxed e-con e-parent\" data-id=\"e0e2087\" data-element_type=\"container\" data-e-type=\"container\" data-settings=\"{&quot;background_background&quot;:&quot;classic&quot;}\">\n\t\t\t\t\t<div class=\"e-con-inner\">\n\t\t\t\t\t<\/div>\n\t\t\t\t<\/div>\n\t\t\t\t<\/div>\n\t\t","protected":false},"excerpt":{"rendered":"<p>Nos Valeurs Penser le pr\u00e9sent&#8230; g\u00e9rer le futur Les mutations \u00e9conomiques, l&#8217;internalisation des \u00e9chages, les pressions concurrentielles de plus en plus fortes, obligent les Ecoles \u00e0 adapter r\u00e9guli\u00e9rement leur p\u00e9dagogie. Le comit\u00e9 de Perfectionnement de Suptem\u00a0 a pour mission d&#8217;aider \u00e0 faire \u00e9voluer les contenus p\u00e9dagogiques. les outils de formation et les moyens p\u00e9dagogiques en [&hellip;]<\/p>\n","protected":false},"author":1,"featured_media":0,"parent":0,"menu_order":0,"comment_status":"closed","ping_status":"closed","template":"","meta":{"ocean_post_layout":"full-screen","ocean_both_sidebars_style":"","ocean_both_sidebars_content_width":0,"ocean_both_sidebars_sidebars_width":0,"ocean_sidebar":"0","ocean_second_sidebar":"0","ocean_disable_margins":"enable","ocean_add_body_class":"","ocean_shortcode_before_top_bar":"","ocean_shortcode_after_top_bar":"","ocean_shortcode_before_header":"","ocean_shortcode_after_header":"","ocean_has_shortcode":"","ocean_shortcode_after_title":"","ocean_shortcode_before_footer_widgets":"","ocean_shortcode_after_footer_widgets":"","ocean_shortcode_before_footer_bottom":"","ocean_shortcode_after_footer_bottom":"","ocean_display_top_bar":"default","ocean_display_header":"default","ocean_header_style":"","ocean_center_header_left_menu":"0","ocean_custom_header_template":"0","ocean_custom_logo":0,"ocean_custom_retina_logo":0,"ocean_custom_logo_max_width":0,"ocean_custom_logo_tablet_max_width":0,"ocean_custom_logo_mobile_max_width":0,"ocean_custom_logo_max_height":0,"ocean_custom_logo_tablet_max_height":0,"ocean_custom_logo_mobile_max_height":0,"ocean_header_custom_menu":"0","ocean_menu_typo_font_family":"0","ocean_menu_typo_font_subset":"","ocean_menu_typo_font_size":0,"ocean_menu_typo_font_size_tablet":0,"ocean_menu_typo_font_size_mobile":0,"ocean_menu_typo_font_size_unit":"px","ocean_menu_typo_font_weight":"","ocean_menu_typo_font_weight_tablet":"","ocean_menu_typo_font_weight_mobile":"","ocean_menu_typo_transform":"","ocean_menu_typo_transform_tablet":"","ocean_menu_typo_transform_mobile":"","ocean_menu_typo_line_height":0,"ocean_menu_typo_line_height_tablet":0,"ocean_menu_typo_line_height_mobile":0,"ocean_menu_typo_line_height_unit":"","ocean_menu_typo_spacing":0,"ocean_menu_typo_spacing_tablet":0,"ocean_menu_typo_spacing_mobile":0,"ocean_menu_typo_spacing_unit":"","ocean_menu_link_color":"","ocean_menu_link_color_hover":"","ocean_menu_link_color_active":"","ocean_menu_link_background":"","ocean_menu_link_hover_background":"","ocean_menu_link_active_background":"","ocean_menu_social_links_bg":"","ocean_menu_social_hover_links_bg":"","ocean_menu_social_links_color":"","ocean_menu_social_hover_links_color":"","ocean_disable_title":"on","ocean_disable_heading":"default","ocean_post_title":"","ocean_post_subheading":"","ocean_post_title_style":"","ocean_post_title_background_color":"","ocean_post_title_background":0,"ocean_post_title_bg_image_position":"","ocean_post_title_bg_image_attachment":"","ocean_post_title_bg_image_repeat":"","ocean_post_title_bg_image_size":"","ocean_post_title_height":0,"ocean_post_title_bg_overlay":0.5,"ocean_post_title_bg_overlay_color":"","ocean_disable_breadcrumbs":"default","ocean_breadcrumbs_color":"","ocean_breadcrumbs_separator_color":"","ocean_breadcrumbs_links_color":"","ocean_breadcrumbs_links_hover_color":"","ocean_display_footer_widgets":"default","ocean_display_footer_bottom":"default","ocean_custom_footer_template":"0","footnotes":""},"class_list":["post-1091","page","type-page","status-publish","hentry","entry"],"_links":{"self":[{"href":"https:\/\/suptembmhs.com\/index.php\/wp-json\/wp\/v2\/pages\/1091","targetHints":{"allow":["GET"]}}],"collection":[{"href":"https:\/\/suptembmhs.com\/index.php\/wp-json\/wp\/v2\/pages"}],"about":[{"href":"https:\/\/suptembmhs.com\/index.php\/wp-json\/wp\/v2\/types\/page"}],"author":[{"embeddable":true,"href":"https:\/\/suptembmhs.com\/index.php\/wp-json\/wp\/v2\/users\/1"}],"replies":[{"embeddable":true,"href":"https:\/\/suptembmhs.com\/index.php\/wp-json\/wp\/v2\/comments?post=1091"}],"version-history":[{"count":34,"href":"https:\/\/suptembmhs.com\/index.php\/wp-json\/wp\/v2\/pages\/1091\/revisions"}],"predecessor-version":[{"id":2053,"href":"https:\/\/suptembmhs.com\/index.php\/wp-json\/wp\/v2\/pages\/1091\/revisions\/2053"}],"wp:attachment":[{"href":"https:\/\/suptembmhs.com\/index.php\/wp-json\/wp\/v2\/media?parent=1091"}],"curies":[{"name":"wp","href":"https:\/\/api.w.org\/{rel}","templated":true}]}}